{"id":81,"date":"2018-07-09T07:13:32","date_gmt":"2018-07-09T07:13:32","guid":{"rendered":"http:\/\/pabianice-dps.pl\/?page_id=81"},"modified":"2018-08-03T16:30:57","modified_gmt":"2018-08-03T16:30:57","slug":"kronika","status":"publish","type":"page","link":"https:\/\/pabianice-dps.pl\/?page_id=81","title":{"rendered":"Kronika"},"content":{"rendered":"<p>Historia Domu rozpoczyna si\u0119 w 1953 roku, pomys\u0142em o jego powstaniu, kt\u00f3ry zrodzi\u0142 si\u0119 w Wydziale Pracy i Polityki Spo\u0142ecznej Prezydium Miejskiej Rady Narodowej w Pabianicach. Swoje podwoje, Pa\u0144stwowy Dom Rencist\u00f3w, otworzy\u0142 w 1961 roku i 5 pa\u017adziernika przyj\u0105\u0142 pod sw\u00f3j dach pierwszego mieszka\u0144ca. Dom by\u0142 przeznaczony dla 100 pensjonariuszy, mia\u0142 46 pokoi jedno, dwu, trzy i czteroosobowych. W 1970 r. powsta\u0142 punkt biblioteczny, istniej\u0105cy do dzisiaj. Dom od pocz\u0105tku zyska\u0142 bardzo dobr\u0105 opini\u0119 u\u00a0mieszka\u0144c\u00f3w.<\/p>\n<div id=\"attachment_316\" style=\"width: 310px\" class=\"wp-caption aligncenter\"><img aria-describedby=\"caption-attachment-316\" loading=\"lazy\" class=\"wp-image-316 size-medium\" src=\"https:\/\/pabianice-dps.pl\/wp-content\/uploads\/2018\/08\/1961-300x198.jpg\" alt=\"\" width=\"300\" height=\"198\" srcset=\"https:\/\/pabianice-dps.pl\/wp-content\/uploads\/2018\/08\/1961-300x198.jpg 300w, https:\/\/pabianice-dps.pl\/wp-content\/uploads\/2018\/08\/1961.jpg 721w\" sizes=\"(max-width: 300px) 100vw, 300px\" \/><p id=\"caption-attachment-316\" class=\"wp-caption-text\">1961 \u2013 budynek przy ul. Wiejskiej<\/p><\/div>\n<p>Oczekuj\u0105cych na pobyt by\u0142o coraz wi\u0119cej. Decyzj\u0105 Wojewody w\u00a0listopadzie 1974 r przyznano nam budynek dawnego hotelu robotniczego przy ul. Gen. \u017bukowa, obecnie ul. \u0141aska. Przeznaczono go na Dom Rencist\u00f3w, natomiast budynek przy ul. Wiejskiej zosta\u0142 przemianowany na Pa\u0144stwowy Dom Pomocy Spo\u0142ecznej Dla Doros\u0142ych (dla os\u00f3b przewlekle somatycznie chorych).<\/p>\n<div id=\"attachment_318\" style=\"width: 310px\" class=\"wp-caption aligncenter\"><img aria-describedby=\"caption-attachment-318\" loading=\"lazy\" class=\"wp-image-318 size-medium\" src=\"https:\/\/pabianice-dps.pl\/wp-content\/uploads\/2018\/08\/1974-300x194.jpg\" alt=\"\" width=\"300\" height=\"194\" srcset=\"https:\/\/pabianice-dps.pl\/wp-content\/uploads\/2018\/08\/1974-300x194.jpg 300w, https:\/\/pabianice-dps.pl\/wp-content\/uploads\/2018\/08\/1974.jpg 737w\" sizes=\"(max-width: 300px) 100vw, 300px\" \/><p id=\"caption-attachment-318\" class=\"wp-caption-text\">1974 \u2013 budynek przy ul. Gen. \u017bukowa obecnie przy ul. \u0141askiej<\/p><\/div>\n<p>Nowy budynek, zaadaptowany na potrzeby Domu Rencist\u00f3w nie by\u0142 dostosowany dla os\u00f3b niepe\u0142nosprawnych. W obu budynkach nie by\u0142o podjazd\u00f3w ani wind. Filia na \u0141askiej doczeka\u0142a si\u0119 jej po 23 latach w 1997 r, natomiast na Wiejskiej winda zacz\u0119\u0142a u\u0142atwia\u0107 \u017cycie mieszka\u0144com i\u00a0personelowi dopiero w 2009 r. po oddaniu do u\u017cytku nowych skrzyde\u0142 Domu. Ze wzgl\u0119du na d\u0142ugi czas oczekiwania na miejsce w DPS-ie, w 1997 roku postanowiono rozbudowa\u0107 budynek przy Wiejskiej. Budowa zatrzymywa\u0142a si\u0119, to zn\u00f3w wznawia\u0142a, aby nabra\u0107 tempa w 2007 r.<\/p>\n<p>Uroczyste otwarcie nowej cz\u0119\u015bci Domu odby\u0142o si\u0119 27 marca 2009 r. Nasz Dom jest w tej chwili jednym z nowocze\u015bniejszych w\u015br\u00f3d tego typu plac\u00f3wek. W Domu nie mog\u0142o zabrakn\u0105\u0107 Kaplicy. W kwietniu 2009 roku ksi\u0105dz Biskup Ireneusz P\u0119kalski dokona\u0142 po\u015bwi\u0119cenia Kaplicy pod wezwaniem Mi\u0142osierdzia Bo\u017cego. Nieca\u0142y rok p\u00f3\u017aniej zosta\u0142 otworzony nowoczesny dzia\u0142 rehabilitacji, kt\u00f3ry oferuje mieszka\u0144com sal\u0119 kinezyterapii, fizykoterapii i hydroterapii. Po otwarciu nowej cz\u0119\u015bci, przyszed\u0142 czas na stare skrzyd\u0142o. Modernizacja trwa\u0142a kilka miesi\u0119cy. Nadal m\u00f3wimy stare skrzyd\u0142o, ale ma teraz ono nazw\u0119 tylko z racji wieku, a nie wygl\u0105du. Jest pi\u0119kne i nowoczesne jak reszta budynku. Oddano je przed Bo\u017cym Narodzeniem w 2010 r. By\u0142 to mi\u0142y prezent gwiazdkowy dla mieszka\u0144c\u00f3w.<\/p>\n","protected":false},"excerpt":{"rendered":"<p>Historia Domu rozpoczyna si\u0119 w 1953 roku, pomys\u0142em o jego<a href=\"https:\/\/pabianice-dps.pl\/?page_id=81\" rel=\"nofollow\">[&#8230;]<\/a><\/p>\n","protected":false},"author":1,"featured_media":0,"parent":0,"menu_order":0,"comment_status":"closed","ping_status":"closed","template":"","meta":[],"_links":{"self":[{"href":"https:\/\/pabianice-dps.pl\/index.php?rest_route=\/wp\/v2\/pages\/81"}],"collection":[{"href":"https:\/\/pabianice-dps.pl\/index.php?rest_route=\/wp\/v2\/pages"}],"about":[{"href":"https:\/\/pabianice-dps.pl\/index.php?rest_route=\/wp\/v2\/types\/page"}],"author":[{"embeddable":true,"href":"https:\/\/pabianice-dps.pl\/index.php?rest_route=\/wp\/v2\/users\/1"}],"replies":[{"embeddable":true,"href":"https:\/\/pabianice-dps.pl\/index.php?rest_route=%2Fwp%2Fv2%2Fcomments&post=81"}],"version-history":[{"count":5,"href":"https:\/\/pabianice-dps.pl\/index.php?rest_route=\/wp\/v2\/pages\/81\/revisions"}],"predecessor-version":[{"id":322,"href":"https:\/\/pabianice-dps.pl\/index.php?rest_route=\/wp\/v2\/pages\/81\/revisions\/322"}],"wp:attachment":[{"href":"https:\/\/pabianice-dps.pl\/index.php?rest_route=%2Fwp%2Fv2%2Fmedia&parent=81"}],"curies":[{"name":"wp","href":"https:\/\/api.w.org\/{rel}","templated":true}]}}